5*o + 3*y - g = 0, -920 = -2*o - 2*y + 4*y. What are the prime factors of o?
461
Let c(g) = 14*g**2 + 160*g - 2097. List the prime factors of c(19).
3, 1999
Let i be 2/(12/94662*9). Let c = i - 930. List the prime factors of c.
823
Let b(k) = k**2 - 3*k. Let i be b(4). Let n be (-3684)/102 + i/34. Let m = 50 + n. List the prime factors of m.
2, 7
Suppose -5*z + 665 = -5*i, 2*i = 5*z - 30 - 650. Let t = z + -91. List the prime factors of t.
47
Suppose 0 = 9*o - 4*o + 25. Let l be ((-20)/(-14))/o + 620/14. Let q = 161 - l. What are the prime factors of q?
3, 13
Let r(y) = 38*y**3 - 11*y**2 - 5*y + 26. Let h be r(10). List the prime factors of ((-1)/(6/4))/((-56)/h).
439
Suppose -59163 = -21*t - 7041. List the prime factors of t.
2, 17, 73
Let x = 22920 - 13360. List the prime factors of x.
2, 5, 239
Suppose j = 40 + 25. Suppose 1464*t = 1457*t + 70. Let d = j - t. List the prime factors of d.
5, 11
Let c(p) = 14*p**3 + p**2 - 1. Let y be c(1). Suppose -y*f = -10*f - 36. Suppose f*x + 3*a = 4*x + 155, 2*a - 66 = -2*x. List the prime factors of x.
2, 7
Suppose -4*q + 13*m = 6*m - 150762, 0 = 2*q - 3*m - 75384. What are the prime factors of q?
3, 59, 71
Let n be (52/(-6))/(68/(-102)). Suppose -2*j + n*j = 10274. What are the prime factors of j?
2, 467
Let a = 38 - -75. Let u = a + 290. List the prime factors of u.
13, 31
Suppose 302*n = 18289212 - 1130478. What are the prime factors of n?
3, 59, 107
Let l be (-10)/(-8) + 9/12 - 0. Let q be 3*l/(-12)*0/1. Suppose -2*r - 2*s + 4*s + 274 = q, 4*r - s - 542 = 0. What are the prime factors of r?
3, 5
Let d be (-159081)/(-91) + 1/(-7). Suppose 2523 = 4*y + r, -d = -4*y - 5*r + 771. What are the prime factors of y?
631
Let l = 59 + 43. Suppose 0 = -2*t - 3*n + 59, 0 = 3*t - 3*n + 6 - l. Let b = t + 91. List the prime factors of b.
2, 61
Let i = -730 - -346. Let k = i - -433. What are the prime factors of k?
7
Let z be (-1 + -1)/(10/(-15)). Suppose z*w - 1013 = -5*t, -w + 6*w - 4*t - 1713 = 0. What are the prime factors of w?
11, 31
What are the prime factors of 58038 - 0 - 252/24*(-64)/112?
2, 3, 7, 691
Let x(h) = 3*h**2 - 3*h - 9. Let g = 34 - 46. Let b(z) = 2*z + 29. Let u be b(g). List the prime factors of x(u).
3, 17
Let s be ((-6)/3)/((-4)/(-24)*-4). Suppose -4*n + s*n = -5*x - 706, 4*n - 4*x = 2904. List the prime factors of n.
17, 43
Let w(p) = -p**3 + 4*p**2 - p + 5. Let s be w(3). Let t = 21 - s. Suppose -t*n = -9*n - 29. What are the prime factors of n?
29
Let b(r) = -r**2 - 4*r + 48. Let s be b(-9). Suppose -353 = -n + 2*u, -2*u = -s*n + 316 + 763. What are the prime factors of n?
3, 11
Let j = 49 - 47. Suppose -2*d + j*x = -10, 2*d - 4*x - 4 = 4. Suppose 4*t - 4*n = 304, t - d*t - 2*n + 415 = 0. What are the prime factors of t?
3
What are the prime factors of (-338646)/(-28) - ((-2)/2)/(50/(-25))?
2, 6047
Let o(r) = -121*r**2 - 4*r - 2. Let b be o(-1). Let f = 157 + b. List the prime factors of f.
2, 19
Let c(p) = 7*p**2 + 166*p - 25. Let v(a) = -4*a**2 - 83*a + 13. Let q(k) = 3*c(k) + 7*v(k). What are the prime factors of q(-11)?
2, 41
Let s = 27 - 24. Suppose 0 = 5*w + 5*v + 50, 44 = -4*w - s*v - 2*v. What are the prime factors of 1 + 0 - 0 - (w - 114)?
11
Suppose 0 = -4*c - 11 + 215. Let g = c - 62. Let k = 79 + g. What are the prime factors of k?
2, 17
Suppose -2*y = -5*i + 215, 108 + 62 = 4*i - 2*y. Let q = 21 - i. Let d = q + 61. List the prime factors of d.
37
Suppose 0 = -24*x + 18*x - 2430. List the prime factors of (-107082)/x*(0 + 5).
2, 661
Let i(h) = -7*h + 20. Let k be i(-7). Let r = k + -65. Suppose 6 = -3*y, q + 3*q - 184 = -r*y. List the prime factors of q.
2, 3
What are the prime factors of (-165180)/(-5)*(2/8)/((-8)/(-8))?
3, 2753
Let j(g) = 14*g + 165. Let z be j(-11). Suppose 4122 + 9111 = z*x. What are the prime factors of x?
3, 401
Let y = -160 - -165. Suppose l + 4*m = 262, -y*l + 3*l + 576 = -5*m. What are the prime factors of l?
2, 139
Let q(w) = 72*w**2 + 153*w + 75. List the prime factors of q(-18).
3, 6883
Let k be 3/5*(-250)/(-2). Let x = k - 75. Suppose 5*f - 3*b = -b + 802, x = -2*f + 3*b + 312. List the prime factors of f.
2, 3
Suppose 44*w = 34502 + 57238. What are the prime factors of w?
3, 5, 139
Let w = -3103 - -17377. List the prime factors of w.
2, 3, 13, 61
Let b(l) = -58*l + 8. Let p be b(-5). Let c be -1*(-186)/(-4)*(-22)/(-33). Let n = p + c. List the prime factors of n.
3, 89
Suppose -2*s + 12 = -4*y, -3*s + 3*y - 4 = -10. List the prime factors of s + 8 + -4 + 65.
67
Let n = 30 - 46. Let t be n/(-12) + 8/(-6). Suppose 0 = 5*d, 5*g - 4*g - 4*d - 28 = t. What are the prime factors of g?
2, 7
Let d(v) = 14*v**3 + 3*v**2 + 4*v - 9. Let c be d(3). Suppose 406*m + 1554 = c*m. What are the prime factors of m?
3, 7, 37
What are the prime factors of 86541 + 3 + 80/5?
2, 5, 541
Suppose -20*g + 248 = -152. Let a = g + 409. List the prime factors of a.
3, 11, 13
List the prime factors of (17*(-75360)/(-816))/(0 - 2/(-19)).
5, 19, 157
Let s = -63 - -75. Suppose m - s = -13. What are the prime factors of m + 28 - 0/(6 + 1)?
3
Suppose -2*g - 4*l + 3090 + 37534 = 0, l = -4*g + 81234. List the prime factors of g.
2, 5077
Let b = 13874 + 4185. List the prime factors of b.
18059
Let g(w) = -w**3 + 4*w**2 - 5*w + 2. Let a be g(1). Suppose a = 5*z + 4*n - 6179, 3*n + 2037 = z + 786. What are the prime factors of z?
3, 7, 59
Let s(x) = -10*x + 15. Let b be s(-5). Let v = 117 - -148. Suppose 0 = -5*g + b + v. What are the prime factors of g?
2, 3, 11
Suppose 3*p - 21 + 0 = 0. Let q be -4*(p + -16)/(6/(-28)). Let k = q - -436. List the prime factors of k.
2, 67
Let r(c) = -2*c**3 + 62*c**2 - 18*c + 208. What are the prime factors of r(29)?
2, 5, 61
Suppose c - 4*o = -4, -5*c - 2*o - 8 = -32. What are the prime factors of (-7)/(126/816)*(-15)/c?
2, 5, 17
Suppose 39*s + 912891 = 144*s - 3971919. List the prime factors of s.
2, 7, 3323
Let i = 198094 - 131096. List the prime factors of i.
2, 139, 241
Suppose -6*c - 17*c = -8651 - 12371. What are the prime factors of c?
2, 457
Let z = 117 - 115. Suppose -k + 190 = n - z*k, 0 = k. What are the prime factors of n?
2, 5, 19
Let d(r) = -r**2 - 9*r + 39. Let c be d(-12). Suppose -c*u = p - 853, -2*u - 27*p + 26*p = -568. What are the prime factors of u?
3, 5, 19
Let w(b) = 849*b**2 + 178*b - 355. What are the prime factors of w(2)?
43, 79
Let s = -2075 - -7399. List the prime factors of s.
2, 11
Let x(u) be the first derivative of 38*u**2 - 14*u + 10. Let h be x(7). Suppose 2*o = -b + 352, h = 3*o - b - 0*b. List the prime factors of o.
2, 3, 29
Let b(c) = -11*c**3 + 2*c**2 + 26*c - 49. What are the prime factors of b(-10)?
10891
Let l(k) be the first derivative of k**4/4 - 11*k**3/3 + 9*k**2 + 15*k - 106. What are the prime factors of l(13)?
587
Suppose 0 = 11*b - 97498 + 2678. List the prime factors of b.
2, 5, 431
Suppose 19056 = 5*r + 2*f, -3*r + 6739 = 3*f - 4682. What are the prime factors of r?
2, 1907
Let w = 32 - 27. Suppose 0*c = -2*c - 5*t - 77, 0 = w*c + 2*t + 140. Let j = c - -127. List the prime factors of j.
101
Let m(f) = 5*f**2 + 1 + 9*f**2 + 5*f + 3. Let u be m(-1). Suppose -10*h = -u*h + 132. What are the prime factors of h?
2, 11
Let p = 57907 - 28667. What are the prime factors of p?
2, 5, 17, 43
Let t(l) = -2*l**2 - 7*l - 12. Let m be t(-2). Let x(r) be the second derivative of -11*r**3/3 + 6*r**2 + 27*r. List the prime factors of x(m).
2, 3
List the prime factors of (-6861)/(3 - (-48)/(-8)).
2287
Let k = 6 - 4. Suppose -6 = k*v + 2, -110 = -3*m + 5*v. Let x = -7 + m. What are the prime factors of x?
23
Let u be (-64042)/(-205) - 3/(-5). Suppose -2*i - 456 = -2*t, 2*t - u = 4*i + 135. List the prime factors of t.
2, 29
Let p(s) = 5*s**2 + s - 54. Let d be p(-11). List the prime factors of (7/3*1)/(2/d).
2, 3, 5, 7
Let t(m) = -m**2 - 6*m + 22. Let o(u) = -8*u**2 - 2*u + 1. Let z be o(1). Let r be t(z). Let l(p) = 2*p**2 - p + 1. List the prime factors of l(r).
2, 7
Let w be 6*20/(-75) - 6/(-10). List the prime factors of (-4)/(-2) + 3 + (-223)/w.
2, 3, 19
Let n = -24 + 23. Let z be 1*n*(57 + 2). Let u = 40 - z. List the prime factors of u.
3, 11
Suppose -316283 + 135766 = -41*g + 269540. List the prime factors of g.
3, 3659
Let y(z) = -z**3 + 14*z**2 - 23*z - 8. Let d be y(12). List the prime factors of (3